e remainder when 6 is divided by j(13)?
0
Suppose 2*z + 5*t = 24, 3*z + 0*z - 2*t + 2 = 0. Calculate the remainder when (-14)/(-28) + 25/z is divided by 5.
3
Let y = 8 - -4. Suppose o - 35 + y = 0. Suppose 0*c + 3*c - 36 = 0. Calculate the remainder when o is divided by c.
11
Let c be (-10)/4 - (-12)/8. Let r(q) = -27*q**3 + 2*q**2 - 1. What is the remainder when r(c) is divided by (16/(-10))/(1/(-5))?
4
Suppose 502 = 3*y - 5*k, -2*y - 7*k + 11*k + 332 = 0. Calculate the remainder when y is divided by 46.
36
Suppose 0 = y - 2*y + 10. Let x be (-12)/(-54) - 124/(-9). Suppose 0 = -h + 4 + x. Calculate the remainder when h is divided by y.
8
Let j = 6 - 6. Let i(x) = x - 2. Let s be i(2). Suppose s*h + 4*h - 52 = j. Calculate the remainder when 51 is divided by h.
12
Let o = 6 + 1. Let s be -9 + o + 8/(-2). Calculate the remainder when (-12)/s + (-46)/(-2) is divided by 14.
11
Let w(q) = q**2 + 13*q + 32. Calculate the remainder when w(-14) is divided by 12.
10
What is the remainder when 41 is divided by (2/9)/(-1) - (-4000)/180?
19
Suppose -5*c + 3*q - 7 = 0, c - 3 = 2*c - q. Let d(r) be the first derivative of 5*r**2/2 + r + 1. Calculate the remainder when 13 is divided by d(c).
1
Let z = 15 - -13. Let b = 689 - 279. Suppose 0 = 16*s - 21*s + b. What is the remainder when s is divided by z?
26
Suppose -3*p - 30 = 3*c - 2*p, 2*p + 49 = -5*c. Suppose -5*d - 99 = 4*b, 0*b - 18 = d - b. Let k = c - d. Calculate the remainder when 28 is divided by k.
4
Suppose -i + 13 = 4*i + 4*k, 2*i - 19 = 3*k. Suppose -i*q + 46 = -3*q. Let b = q - 11. What is the remainder when 45 is divided by b?
9
Let b = -26 - -40. Suppose d = 5*s - 5, 3*s + 19 = -3*d + 4. Suppose s = -m - m + b. What is the remainder when 12 is divided by m?
5
Let f = 230 - 112. Suppose 0 = 2*t + 5*t - 210. Calculate the remainder when f is divided by t.
28
Let d(m) = -m**2 + m + 14. Let r = -2 - -2. What is the remainder when (94/2 - -1) + 3 - -4 is divided by d(r)?
13
Let g = -7 + 11. Suppose 0*i = g*i + 40. Calculate the remainder when (-32)/40 + (-328)/i is divided by 11.
10
Let v be -2 + (-3 - -3) - -34. Suppose 0 = 2*h - 6*h + v. What is the remainder when 1/4 + 110/8 is divided by h?
6
Suppose -4*n + 1746 = 5*n. Calculate the remainder when n is divided by 13.
12
Let f(i) = -6*i**2 + 6*i. Let w be f(2). What is the remainder when 24 is divided by (-3 - -2)/((-4)/w) - -18?
9
Suppose -2*o - 170 = -4*j, -4*j - o = -3*j - 41. What is the remainder when 61 is divided by j?
19
What is the remainder when (-2387)/124*(2*-5 - 2) is divided by 57?
3
Suppose -15*r + 55*r = 640. What is the remainder when r is divided by 8?
0
Let z(j) = 2*j**2 + 7*j + 11. Suppose -n + 2 = -2*v + 3, 5*v - 5 = 3*n. Calculate the remainder when 50 is divided by z(n).
24
Let f = 43 + -120. Let j = f - -49. What is the remainder when (14/j)/((-1)/72) is divided by 13?
10
Suppose 0 = -f + 2*f, 3*k - f - 6 = 0. Suppose 3*b = k*b + 70. Suppose 2*r = 7*r - b. Calculate the remainder when 41 is divided by r.
13
Let n = 6 + 2. Suppose 2*j = n + 12. Calculate the remainder when 37 is divided by j.
7
Suppose -2*j + 2 = -2*y - 84, -4*j + 188 = 4*y. Let s = j + -18. Let f = -137 - -144. What is the remainder when s is divided by f?
6
Let v = 17 - 15. Let b(u) = 8*u + 2 + v - 14. What is the remainder when b(3) is divided by 8?
6
Let g = -54 - -57. Suppose -2*c = -g*q - 137, -223 = -4*c - 5*q + 18. Calculate the remainder when c is divided by 13.
12
Suppose i + 0 = 15. Suppose 0 = -0*x + x - 2. Suppose 4*l + 2*k - 224 = 0, 3*l + x*l - 5*k = 295. Calculate the remainder when l is divided by i.
12
Suppose 68*i - 4138 = -1350. Calculate the remainder when 776 is divided by i.
38
Let y be 0/(1 - 2) - (-3 - 3). Suppose -7*u = -20 + y. Calculate the remainder when 6 is divided by u.
0
Let i = -36 + 38. Suppose i*a - a = 19. Calculate the remainder when 92 is divided by a.
16
Suppose -3 = -4*a + 17. Suppose 15 = -a*w + 8*w. Suppose w*s - 13 = -4*c, 5*s + 3 = -5*c + 23. Calculate the remainder when 25 is divided by c.
4
Suppose -5*h = o + 151, -h - 27 = 3*o - 2*o. Let n = -21 - h. Calculate the remainder when 16 is divided by n.
6
Let a(o) = 2*o**2 + 10. Calculate the remainder when 69 is divided by a(0).
9
Let y = 1368 - 1343. What is the remainder when 1647 is divided by y?
22
Let m(w) = 15*w**2 + 6*w + 9. Let p be m(-3). Suppose -k = 6*k - p. Calculate the remainder when k is divided by 4.
2
Let d = -469 - -500. What is the remainder when 152 is divided by d?
28
Let g = -3 + 7. Suppose -4*t - 23 - 55 = -3*x, 0 = -4*x - t + 85. What is the remainder when x is divided by g?
2
Let f be (3 - 1) + 3 + -131. What is the remainder when 47 is divided by (4/(-3))/(7/f)?
23
Suppose 257 = 8*o - 55. What is the remainder when o is divided by 14?
11
What is the remainder when 2703/9 - (-5)/3 is divided by 36?
14
Let p be 20/((8/(-20))/1)*-1. Suppose 5*x - p = 5*o, -5*o + 2 = -0*x - x. What is the remainder when 62 is divided by x?
10
Let b = 112 + -74. Let j = b + -27. Calculate the remainder when (1 + -2)/(1/(-43)) is divided by j.
10
Suppose -4*v - 204 = -232. Calculate the remainder when 61 is divided by v.
5
Suppose -20*w + w + 798 = 0. Let p = -18 + 29. What is the remainder when w is divided by p?
9
What is the remainder when 72 is divided by 153/(14 + -5) - (-7 - -1)?
3
Let x(a) = a**3 + 14*a**2 + 6*a - 16. Let s be x(-12). Let j(l) = 14*l - 5. Calculate the remainder when j(4) is divided by 2/(-6) - s/(-15).
12
Suppose -2*u = p - 41, 3*p = -4*u + 93 + 20. Calculate the remainder when 38 is divided by p.
7
Calculate the remainder when 111 is divided by (-1)/(4 + -2 + 17/(-8)).
7
Let v(x) = -x**2 + 8*x + 9. Suppose -5*t + 10 = 5*q, 3*t - 42 = -2*t + 3*q. What is the remainder when v(8) is divided by t?
3
Let k(z) = -z**3 + 7*z**2 - 3*z + 5. Let r = -1 + 4. Calculate the remainder when 127 is divided by k(r).
31
Let f(o) = -o + 11. Let s(b) = -b**2 + 9*b - 1. Let y be s(8). Let c be f(y). What is the remainder when 15 is divided by ((-40)/(-1))/c - 1?
6
Suppose -a - 16 = -2*t, 39 = -2*t + 7*t - 2*a. Calculate the remainder when (-117)/6*(-4)/3 is divided by t.
5
Suppose x + 17 = 2*b - b, -3*x + 3 = 0. Let j = 84 + -50. Calculate the remainder when j is divided by b.
16
Calculate the remainder when 166 is divided by -7 + 6 - -9 - -5.
10
Suppose -2 = z - o + 22, -2*z - 2*o = 28. Let d be 1/(-1) + z + 2. Calculate the remainder when 11 is divided by (-58)/d + 2/(-9).
2
Suppose -21 = -s + 2*a + 2*a, 4*s + 4*a = 24. Let w(t) = -t**2 - 9*t + 7. Let l be w(-7). Suppose -3*p = 6 - l. Calculate the remainder when s is divided by p.
4
Let m = -4 + 4. Calculate the remainder when (m + -5)/((-14)/42) is divided by 8.
7
Suppose -7*o - 68 = -96. Let l = 0 - -2. Suppose x - o*f = 11, 0 = -x - 0*f - l*f + 11. What is the remainder when 21 is divided by x?
10
Let l(j) = -j + 21. What is the remainder when 48 is divided by l(8)?
9
Let s be (2 - 1)*(8 - 63). Let n = -41 - s. What is the remainder when 94 is divided by n?
10
Calculate the remainder when (-18)/84*-510 - (-6)/(-21) is divided by 10.
9
Let h(u) = 12*u**2 - 5*u + 2. Let l(d) = 12*d**2 - 6*d + 3. Let k(v) = 7*h(v) - 6*l(v). Calculate the remainder when k(2) is divided by 16.
14
Let i(q) = -q**2 - 4*q - 4. Let b be i(-2). Suppose 5*j = 4*m - 52, b = -m - 4*m + 4*j + 56. What is the remainder when 39 is divided by m?
7
Let d(g) = -g**3 - 8*g**2 - 6*g + 7. Let q be d(-7). Suppose -12*l + 8*l + 16 = q. Calculate the remainder when 21/6 + -3 + (-65)/(-10) is divided by l.
3
Suppose -5*z - 7 = -2*u, 0*u - 3*z = -u + 3. Suppose -2*q + 2*t - 1 = -3*q, 5*q = 3*t + 18. Calculate the remainder when u is divided by q.
0
Let f = 104 - 8. Suppose -4*o + r = -f, 3*o = -0*o - r + 72. Calculate the remainder when 94 is divided by o.
22
Suppose -4*x = -35 + 15. Let n(q) = 4*q**2 - 19*q + 10. What is the remainder when n(x) is divided by 4?
3
Suppose 120*m - 114*m = 90. Calculate the remainder when 72 is divided by m.
12
Let m = 9635 - 6037. What is the remainder when m is divided by 40?
38
Let h = 11 - 0. What is the remainder when 42 is divided by h?
9
Let f = 33 + -57. Calculate the remainder when 14 + -13 + f/(-1) is divided by 13.
12
Let r = -14 - -130. Let l = r - 82. Calculate the remainder when l is divide